+ p*m + 3*m - m. Give v(-1).
-1
Let d(r) = -595 + 4*r + 303 + r + 301 - r**2. What is d(7)?
-5
Let q(i) = 41*i + 38*i + 43*i + 38*i - 154*i + 14. What is q(-4)?
-10
Suppose -4*j + 12 = -0. Let b be 85/25 + (-6)/15. Let s(k) = -5*k + j*k + b*k + 4 - 5. Determine s(6).
5
Suppose r + 5 = 0, 0 = k - 0*k - 5*r - 34. Let a(u) = 3 + 0 - u + k*u - 3*u. Let m = -6 - -4. Determine a(m).
-7
Let u(w) = -7*w + w**2 + w**3 + 2 - 4 - 7*w**2. Let x = -384 - -391. What is u(x)?
-2
Let j(x) = -2*x + 6. Let m = -83 - -81. Let s(i) = -i + 3. Let h(a) = m*j(a) + 5*s(a). Calculate h(-6).
9
Let m(h) = 8*h + 10. Let y(l) = -3*l - 5. Let u(r) = -2*m(r) - 5*y(r). Suppose 106 = 5*z - 19. Suppose 0 = 5*x - 2*c - 5 - 20, 0 = -5*c - z. Determine u(x).
2
Let m(q) = 9*q + 255. Let t be m(-28). Let x(l) = 2*l**2 - 1. Give x(t).
17
Suppose 3*q - 6 = -5*l, 0*q = -q - 5*l + 2. Let p(c) be the first derivative of 0*c**2 + 2*c + 2/3*c**3 + 11. Calculate p(q).
10
Suppose 9*r + 27*r = 648. Let h(y) = -y**3 + 19*y**2 - 18*y. Give h(r).
0
Let a be 0 - -3 - (1 - 3). Let s(j) = j - 7. Let q(f) = f - 7. Let r(v) = 4*q(v) - 5*s(v). Give r(a).
2
Suppose 0 = -g - 0*g - 7. Let v(s) = s**2 + 6*s - 2. Let f(m) = 3. Let w(j) = -4. Let i(c) = 7*f(c) + 5*w(c). Let d(a) = -2*i(a) + v(a). Give d(g).
3
Suppose -2*l = -2 + 16. Let b(u) = u + 7. Give b(l).
0
Suppose 2*p + 66 = 6. Let n = 17 + p. Let s = 8 + n. Let f(y) = -2*y - 3. Determine f(s).
7
Let a(b) = -7*b + 4 + 16*b - 8*b + 0*b. Let x be (3 + (-3 - 0))/3. Determine a(x).
4
Let s be (6/9)/(6/(-9)). Let d(h) = -10*h**2 + 4*h + 4. Give d(s).
-10
Let i(s) = -s**3 - 2*s**2 - 4*s. Let g be i(-3). Let m = -19 + g. Let x(u) = 14*u - u**3 + 5*u**m + 13*u - 2 - 19*u. Give x(6).
10
Let k(h) = -h**3 + 8*h + 0*h**2 + 202 - 7*h**2 - 203. Let m(z) = z**3 - 7*z**2 + 5*z - 2. Let q be m(6). Let b be k(q). Let a(d) = -9*d**2. Determine a(b).
-9
Let p be -1 + 1 - (-20)/4. Let l(s) = s - 8. What is l(p)?
-3
Let t(l) = l**3 + 4*l**2 - 4*l - 8. Suppose 3*h + 17 = -s, -61*h = -65*h - 5*s - 41. Calculate t(h).
8
Suppose 2*j - 4 = -0*j. Let p(x) be the second derivative of x**5/10 - x**4/3 + x**3/2 - x**2 + x + 21. Determine p(j).
4
Let s(q) = -q**2 + 6*q - 4. Suppose -5*l - 1 = a + 7, -18 = 4*l - 5*a. Let f be -1 - (52/(-2) + l). Let i = -22 + f. Calculate s(i).
1
Let h(s) = -13*s**3 + 19*s**2 + 8*s + 1. Let u(l) = -5*l**3 + 6*l**2 + 3*l. Let c(b) = -3*h(b) + 8*u(b). What is c(-9)?
-3
Let w(q) = 6*q**3 + 8*q**2 + 14*q + 3. Let n(v) = 7*v**3 + 8*v**2 + 15*v + 4. Let z(c) = 5*n(c) - 6*w(c). Suppose -2*o = 15 - 1. Determine z(o).
16
Let h(l) = -3*l**2 - 2*l - 5. Let v(o) = o**2 + o + 2. Let z(t) = -2*h(t) - 5*v(t). What is z(2)?
2
Let c(l) = l**2 - 9*l - 3. Suppose -13*t + 27 = -4*t. Suppose t*d - 6*d + 27 = 0. Determine c(d).
-3
Let z(a) = a**3 + 8*a**2. Let q = -8 + 0. Give z(q).
0
Let t(u) be the second derivative of 1/2*u**2 - 1/10*u**5 + 0 + 1/3*u**3 + 0*u**4 - 15*u. Determine t(-1).
1
Let d(r) be the first derivative of r**3/3 - 7*r**2 - 2*r - 12. Determine d(11).
-35
Let y be 108 + -2*(-12)/(-8). Suppose 3*i + 0*i = y. Suppose -3*j = 2*w + 2*w - 27, -5*w - 4*j = -i. Let q(f) = f**3 - 4*f**2 + 5*f - 2. What is q(w)?
4
Let u = 6 - 1. Let r(q) be the third derivative of -14*q**2 + 0 - 1/12*q**4 + 0*q + 1/2*q**3. Calculate r(u).
-7
Let a(m) = -m**3 + 2*m**2 + 3*m + 1. Let n(i) = 2*i**3 - 11*i**2 + 6*i - 2. Let c(b) = -4*b - 19. Let o be c(-6). Let g be n(o). Calculate a(g).
1
Let r(t) = t + 12. Let d = 533 + -543. What is r(d)?
2
Let x(b) be the third derivative of -b**8/20160 + b**7/5040 - b**6/144 + b**5/10 + 15*b**2. Let s(i) be the third derivative of x(i). Give s(4).
-17
Let k(o) = -6*o - 2. Let j be -3 - (-5 - (3 - 15)). Let s = -8 - j. Give k(s).
-14
Let u be (-18)/(-52) - (17 - (-2453)/(-143)). Let t(z) be the second derivative of -7*z + z**2 - u*z**3 + 0. Determine t(-3).
11
Let v(t) be the third derivative of t**4/4 + t**3/3 - 58*t**2. Give v(-3).
-16
Suppose 56 = 156*y - 142*y. Let m(i) be the third derivative of -i**4/24 + i**3/3 + 2*i**2. Give m(y).
-2
Suppose -5*w = -2 - 8. Let b(m) = -3*m - 2*m - 4*m**2 + w + m**3 - m. Suppose 22 - 2 = 4*t. Determine b(t).
-3
Let l be (-3 - -1)*2 + -2. Let z be l/(5 + -2) + -3. Let q(f) = 2*f + 3. What is q(z)?
-7
Let k(b) = -3*b**2 + 13*b - 3. Let r(c) = -c**2 + 2*c - 1. Let o(j) = k(j) - 4*r(j). Let f(w) = 2*w - 8. Let i be f(8). Let h be -1*(-2 - 0) - i. What is o(h)?
7
Let c(k) be the third derivative of 7/24*k**4 + 0 + 0*k + 2/3*k**3 + 1/120*k**6 + 7/60*k**5 + 4*k**2. Let v = -13 - -7. Determine c(v).
-2
Let a(b) = -10*b - 2. Let f(q) = -5*q - 1. Let y(c) = -2*a(c) + 5*f(c). Let x(l) = -5*l - 2. Let w(v) = 2*x(v) - 3*y(v). Calculate w(-1).
-6
Let o(k) = -3*k. Let j(n) be the first derivative of n**2/2 + 5*n - 4. Let s be j(0). Suppose -s*t = -5*u, 0*t + 2*u = t - 3. What is o(t)?
9
Let a(y) = -3*y**2 - 3*y + 4. Let k be a(2). Let l = k - -20. Let s(o) = 3*o - 8. Give s(l).
10
Let m = -40 - -46. Let h(q) = 7*q**3 - 10*q**3 + 2*q + 2*q**3 + 6*q**2 - 8. What is h(m)?
4
Let r be 2730/(-336) - (-2)/16. Let l(c) = -5*c**2 + 21*c - 24. Let o(d) = 2*d**2 - 7*d + 8. Let u(q) = 3*l(q) + 8*o(q). What is u(r)?
0
Let j(p) be the third derivative of -p**4/12 + 2*p**3/3 + 23*p**2. Suppose 2*r = 2, 3*m + 4*r = 3*r - 8. What is j(m)?
10
Let u(o) = -o**2 - 3*o + 8. Let l = -7 + 10. Suppose 45 = -4*m + k, k = -4*m + l*m - 10. Let h(y) = y**3 + 12*y**2 + 13*y + 16. Let s be h(m). What is u(s)?
-10
Let v(r) = 7*r + 9*r**2 + 657*r**3 - 658*r**3 + 62 - 43. Determine v(10).
-11
Let t = -11 - -5. Let u be 4/t + 3/(-9). Let c(h) = 6*h**2 - h - 2. Let y(l) = 7*l**2 - 2*l - 3. Let q(j) = -4*c(j) + 3*y(j). Calculate q(u).
-2
Let x(p) = 7 + 65 + p - 88. Determine x(8).
-8
Suppose -k + 4*a - 8 = 0, -2*k = -5*k + 2*a + 16. Let o(s) be the first derivative of -s**3/3 + 4*s**2 + 10*s - 4. Determine o(k).
10
Let i(s) = -2*s + 23. Let o be i(11). Suppose -2 - 1 = -r. Let b(v) = 17*v + v**r - 16*v + v**3. What is b(o)?
3
Let g(f) = -8*f + 28*f**3 - f**2 + 3*f**2 + 12 + 5*f**2 - 29*f**3. Give g(6).
0
Suppose -3*g + 4*g + 3 = 0, -48 = -3*q + 2*g. Let h(m) = -21 + m**3 + 4*m - 6*m**2 + 9 + q. Give h(5).
-3
Let x(d) = -2*d - 11. Let h(w) = 3*w + 22. Let j(c) = 2*h(c) + 5*x(c). Let p(b) = -3*b - 12. Let r(s) = 4*j(s) - 5*p(s). Let u = -16 - -23. Determine r(u).
9
Let h(y) be the second derivative of y**3/6 + 3*y**2/2 + y. Let t(v) = v**3 + 2*v**2 + v + 12. Let g be t(-3). Suppose g*p - 35 = 7*p. What is h(p)?
-2
Suppose -30 = 60*v - 55*v. Let n(o) = o - 5. Let b be n(6). Let i(f) = -f**2 + 9*f - 1. Let y(t) = t**2 - t. Let d(x) = b*i(x) + 2*y(x). Determine d(v).
-7
Suppose 157 = 26*u + 27. Let l(n) = n**3 - 6*n**2 + 7*n - 5. Give l(u).
5
Let k(u) be the second derivative of u**4/12 - 4*u**3/3 - 3*u**2/2 - 2*u - 357. Let i = 3 - -4. Determine k(i).
-10
Suppose 16*b - 7*b = -54. Let o(d) = -d - 8. Determine o(b).
-2
Let z(q) be the third derivative of -7/6*q**3 - 17*q**2 + 0*q + 1/24*q**4 + 0. Determine z(6).
-1
Let x = -18 - -29. Let a(g) = -g**2 + 12*g - 14. Let b be a(x). Let h(c) = -c**3 - 4*c**2 - 5*c - 3. Give h(b).
3
Let t(y) = 6. Let c(l) = -43*l - 33. Let r(p) = c(p) + 6*t(p). Give r(-1).
46
Let m = -183 - -188. Let h(k) = k**3 - 5*k**2 + 6*k - 7. Determine h(m).
23
Let i(j) = -j**3 + 5*j**2 + 5*j - 1. Let q = 28 - 20. Let p be q/6*(2 + 1). Suppose 6*o - o = -3*l + 43, o = -p*l + 29. Determine i(l).
-7
Let w(y) be the first derivative of -y**3/3 - 6*y**2 + 12*y + 36. Determine w(-12).
12
Suppose 2*j + 2*n - 1 = -3*j, -5*n = -4*j + 14. Let u(t) be the third derivative of -13*t**5/60 + t**4/24 + 11*t**2. What is u(j)?
-12
Let x(g) be the first derivative of g**4/4 + 7*g**3/3 - 3*g**2/2 + 2*g + 312. What is x(-7)?
23
Let h(w) = -3*w - 4. Let z(l) = l**3 + 4*l**2 + l + 3. Let u be z(-6). Let c = 71 + u. Calculate h(c).
8
Let d(j) be the third derivative of -1/12*j**4 - 6*j**2 + 0 + 1/40*j**5 + 0*j - j**3. Let q(c) be the first derivative of d(c). Determine q(2).
4
Let d(l) = 7*l - 4 + 2*l - 1 - 7*l. Let y be ((-20)/(-25))/((-3)/((-45)/(-3))). Calculate d(y).
-13
Let y = 37 + -35. Let w be -3 - (y + 2 + -8). Let c(j) = 9*j**3 + j**2 - 1. Determine c(w).
9
Let k = 7 - 4. Let s(q) = -6*q - q**k + 2*q**2 + 2*q + 1 - 3*q**2 - 3*q**2. Determine s(-3).
